{"id":110,"date":"2015-12-03T22:23:23","date_gmt":"2015-12-03T22:23:23","guid":{"rendered":"http:\/\/lgu.u-paris10.fr\/?page_id=110"},"modified":"2026-03-22T16:28:44","modified_gmt":"2026-03-22T16:28:44","slug":"publications","status":"publish","type":"page","link":"https:\/\/lgu.parisnanterre.fr\/?page_id=110","title":{"rendered":"Publications"},"content":{"rendered":"<p>Tribune \u00ab\u00a0<a href=\"http:\/\/lgu.parisnanterre.fr\/wp-content\/uploads\/2026\/02\/Ouest-France-14-02-26.pdf\">POINT DE VUE. \u00ab Municipales : relever les d\u00e9fis de la ville<\/a>\u00a0\u00bb dans <a href=\"https:\/\/www.ouest-france.fr\/reflexion\/point-de-vue\/point-de-vue-municipales-relever-les-defis-de-la-ville-b94e94d6-0297-11f1-9e89-9e77cb2f3c37\">Ouest-France<\/a> par Guy Burgel, Claude Lacour et Jean-Fran\u00e7ois Serre, f\u00e9v. 2026<\/p>\n<p>Tribune \u00ab\u00a0<a href=\"https:\/\/lgu.parisnanterre.fr\/wp-content\/uploads\/2024\/11\/Ouest-France-26-06-24.pdf\">L\u00e9gislatives :\u00a0\u00bbLes 30 juin et 7 juillet, unissons-nous!\u00a0\u00bb<\/a> \u00a0\u00bb dans <a href=\"https:\/\/www.ouest-france.fr\/reflexion\/point-de-vue\/point-de-vue-legislatives-les-30-juin-et-7-juillet-unissons-nous-c8a26cc2-3201-11ef-b43e-ba7f8cb7948b\">Ouest-France<\/a> par Guy Burgel, juin 2024<\/p>\n<p>Tribune \u00ab\u00a0<a href=\"https:\/\/lgu.parisnanterre.fr\/wp-content\/uploads\/2024\/11\/Tribune-JO-Guy-Burgel-Le-Monde-13-01-24.pdf\">Il est \u00e0 craindre que les Jeux olympiques de Paris 2024 creusent un d\u00e9ficit d\u00e9mocratique<\/a>\u00a0\u00bb dans <a href=\"https:\/\/www.lemonde.fr\/idees\/article\/2024\/01\/13\/guy-burgel-geographe-il-est-a-craindre-que-les-jeux-olympiques-de-paris-2024-creusent-un-deficit-democratique_6210638_3232.html\">Le Monde<\/a> par Guy Burgel, janv.2024<\/p>\n<p><a href=\"https:\/\/www.persee.fr\/issue\/vilpa_0242-2794_2023_num_51_1\">Num\u00e9ro 51-52<\/a> de la collection Villes en parall\u00e8le (Ville d&rsquo;avant, ville d&rsquo;apr\u00e8s) ; <a href=\"http:\/\/www.persee.fr\/collection\/vilpa..\">tous les volumes<\/a> de la collection<\/p>\n<p>Tribune \u00ab\u00a0<a href=\"https:\/\/lgu.parisnanterre.fr\/wp-content\/uploads\/2022\/12\/Il-manque-une-approche-globale-qui-prefigure-la-forme-et-le-fonctionnement-de-la-ville-postcarbone-de-demain-.pdf\">Il manque une approche globale qui pr\u00e9figure la forme et le fonctionnement de la ville postcarbone de demain<\/a>\u00a0\u00bb dans Le Monde par Albert L\u00e9vy, nov.2022<\/p>\n<p>Essai \u00ab\u00a0<a href=\"https:\/\/lgu.parisnanterre.fr\/wp%2Dcontent\/uploads\/2022\/05\/flyer%2Ddef%2DSauver%2Dla%2Dplan%C3%A8te%2Dville.pdf\">Sauver la plan\u00e8te ville, plaidoyer pour une ville durable et d\u00e9sirable<\/a>\u00ab\u00a0, Guy Burgel, Paris, \u00e9d. Archicity, 2022<\/p>\n<p>Tribune \u00ab\u00a0<a href=\"https:\/\/lgu.parisnanterre.fr\/wp-content\/uploads\/2022\/03\/Tribune-Marianne-22-02-22.pdf\">Le cas de Paris d\u00e9montre combien les politiques de la ville sont maltrait\u00e9es<\/a>\u00a0\u00bb dans Marianne par Albert L\u00e9vy , Bernard Landau, Christine N\u00e9delec et Guy Burgel, f\u00e9v.2022<\/p>\n<p>Tribune \u00ab\u00a0<a href=\"https:\/\/lgu.parisnanterre.fr\/wp-content\/uploads\/2021\/12\/Tribune-Guy-Burgel-Le-Monde-26-11-21.pdf\">A Paris, le nouveau plan local d\u2019urbanisme est un mod\u00e8le du genre \u00e0 ne pas suivre dans les \u00e9coles<\/a>\u00a0\u00bb dans Le Monde par Guy Burgel, nov.2021<\/p>\n<p>Livre \u00ab\u00a0<a href=\"https:\/\/lgu.parisnanterre.fr\/wp-content\/uploads\/2021\/11\/Argumentaire-Ville-et-Covid.pdf\">Ville et Covid: un mariage de raisons<\/a>\u00a0\u00bb (Karthala,2021), <a href=\"https:\/\/lgu.parisnanterre.fr\/wp-content\/uploads\/2021\/11\/Bon-de-commande-def.pdf\">Bon de commande<\/a><\/p>\n<p>Tribune \u00ab\u00a0<a href=\"https:\/\/lgu.parisnanterre.fr\/wp-content\/uploads\/2021\/11\/tribune-Le-Monde-20-08-21.pdf\">L\u2019occupation du sol urbain et sa densit\u00e9 r\u00e9pondent \u00e0 des pr\u00e9occupations environnementales<\/a>\u00a0\u00bb\u00a0dans <a href=\"https:\/\/www.lemonde.fr\/idees\/article\/2021\/08\/20\/l-occupation-du-sol-urbain-et-sa-densite-repondent-a-des-preoccupations-environnementales_6091942_3232.html\">Le Monde<\/a> par Guy Burgel, ao\u00fbt 2021<\/p>\n<p>Tribune <a href=\"https:\/\/lgu.parisnanterre.fr\/wp-content\/uploads\/2020\/02\/\u00ab-La-mobilit\u00e9-urbaine-ne-doit-pas-\u00eatre-l\u2019arbre-qui-cache-la-for\u00eat-\u00bb.pdf\">\u00ab\u00a0La mobilit\u00e9 urbaine ne doit pas \u00eatre l\u2019arbre qui cache la for\u00eat\u00a0\u00bb<\/a>\u00a0 dans <a href=\"https:\/\/www.lemonde.fr\/idees\/article\/2020\/02\/05\/la-mobilite-urbaine-ne-doit-pas-etre-l-arbre-qui-cache-la-foret_6028525_3232.html\">Le Monde<\/a> par Guy Burgel, f\u00e9vrier 2020<\/p>\n<p>Tribune <a href=\"https:\/\/lgu.parisnanterre.fr\/wp-content\/uploads\/2019\/05\/Le-Monde-Burgel-Roland-Garros-20mai2019.pdf\">\u00ab\u00a0Urbanisme : \u00ab Double langage de l\u2019H\u00f4tel de ville et de la gauche parisienne au pouvoir municipal \u00bb\u00a0\u00bb<\/a> dans <a href=\"https:\/\/www.lemonde.fr\/idees\/article\/2019\/05\/20\/urbanisme-double-langage-de-l-hotel-de-ville-et-de-la-gauche-parisienne-au-pouvoir-municipal_5464575_3232.html\">Le Monde<\/a> par Guy Burgel, mai 2019<\/p>\n<p>Tribune <a href=\"https:\/\/lgu.parisnanterre.fr\/wp-content\/uploads\/2018\/11\/Tribune_Liberation_26_11_18.pdf\">\u00ab\u00a0Les fins de mois difficiles avant la fin du monde\u00a0\u00bb<\/a> dans <a href=\"https:\/\/www.liberation.fr\/debats\/2018\/11\/26\/les-fins-de-mois-difficiles-avant-la-fin-du-monde_1694366\">Lib\u00e9ration\u00a0<\/a> par Guy Burgel, nov.2018<\/p>\n<p>Tribune <a href=\"https:\/\/lgu.parisnanterre.fr\/wp-content\/uploads\/2018\/11\/Metropolisation_et_transition_energetique.pdf\">\u00ab\u00a0M\u00e9tropolisation et transition \u00e9nerg\u00e9tique : un couple impossible\u00a0\u00bb<\/a> dans <a href=\"https:\/\/www.lemonde.fr\/idees\/article\/2018\/11\/16\/metropolisation-et-transition-energetique-un-couple-impossible_5384568_3232.html\">Le Monde<\/a> par Albert L\u00e9vy, nov.2018<\/p>\n<p>Livre en lien avec la s\u00e9ance du 1er juin 2018 du S\u00e9minaire :\u00a0 <a href=\"https:\/\/lgu.parisnanterre.fr\/wp-content\/uploads\/2018\/04\/Sport_et_architecture_presentation_ouvrage.pdf\">Sport et architecture en Seine-Saint-Denis<\/a><\/p>\n<p>30 nov. 2017 \u00e0 19h30-\u00a0 <a href=\"https:\/\/lgu.parisnanterre.fr\/wp-content\/uploads\/2017\/11\/Debat-Volume-30-11-17.pdf\">D\u00e9bat \u00e0 la librairie Volume \u00e0 Paris<\/a>, Guy Burgel en discussion avec Jean-Fran\u00e7ois Tribillon<\/p>\n<p>15 sept. 2017 <a href=\"https:\/\/lgu.u-paris10.fr\/wp-content\/uploads\/2017\/07\/langevin-wallon-def-programme-15.09.2017.pdf\">LE PLAN LANGEVIN-WALLON 70 ANS<\/a> \u00e0 l&rsquo;\u00c9cole sup\u00e9rieure de physique et de chimie industrielles de la Ville de Paris<\/p>\n<p>Tribune <a href=\"https:\/\/lgu.u-paris10.fr\/wp-content\/uploads\/2017\/07\/A.LEVY-Paris-est-vuln\u00e9rable-aux-canicules.pdf\">\u00ab\u00a0Paris est vuln\u00e9rable aux canicules\u00a0\u00bb<\/a> dans Le Monde par Albert L\u00e9vy<\/p>\n<p>Tribune <a href=\"https:\/\/lgu.u-paris10.fr\/wp-content\/uploads\/2017\/07\/H-ANT-Le-Monde-23-06-17.pdf\">\u00ab\u00a0L\u2019historienne H\u00e9l\u00e8ne Antoniadis-Bibicou est morte\u00a0\u00bb <\/a>dans Le Monde<\/p>\n<p>Parution <a href=\"https:\/\/lgu.u-paris10.fr\/wp-content\/uploads\/2017\/03\/Couverture-Questions-urbaines-.pdf\">\u00ab\u00a0Questions urbaines\u00a0\u00bb<\/a> de Guy Burgel, \u00e9d. de l&rsquo;Aube &#8211; <a href=\"https:\/\/lgu.parisnanterre.fr\/wp-content\/uploads\/2018\/03\/recension-Questions-urbaines-Ph-Boudon.pdf\">Recension par Ph.Boudon<\/a><\/p>\n<p><a href=\"https:\/\/lgu.u-paris10.fr\/wp-content\/uploads\/2015\/05\/GB-URBANISME-n\u00b0396_05-15.pdf\">Interview<\/a> de Guy Burgel dans la revue \u00ab\u00a0Urbanisme\u00a0\u00bb n\u00b0396<\/p>\n","protected":false},"excerpt":{"rendered":"<p>Tribune \u00ab\u00a0POINT DE VUE. \u00ab Municipales : relever les d\u00e9fis de la ville\u00a0\u00bb dans Ouest-France par Guy Burgel, Claude Lacour et Jean-Fran\u00e7ois Serre, f\u00e9v. 2026 Tribune \u00ab\u00a0L\u00e9gislatives :\u00a0\u00bbLes 30 juin et 7 juillet, unissons-nous!\u00a0\u00bb \u00a0\u00bb dans Ouest-France par Guy Burgel, &hellip;<\/p>\n<p class=\"read-more\"> <a class=\"more-link\" href=\"https:\/\/lgu.parisnanterre.fr\/?page_id=110\"> <span class=\"screen-reader-text\">Publications<\/span> Read More &raquo;<\/a><\/p>\n","protected":false},"author":2,"featured_media":0,"parent":0,"menu_order":0,"comment_status":"closed","ping_status":"closed","template":"","meta":{"footnotes":""},"class_list":["post-110","page","type-page","status-publish","hentry"],"_links":{"self":[{"href":"https:\/\/lgu.parisnanterre.fr\/index.php?rest_route=\/wp\/v2\/pages\/110","targetHints":{"allow":["GET"]}}],"collection":[{"href":"https:\/\/lgu.parisnanterre.fr\/index.php?rest_route=\/wp\/v2\/pages"}],"about":[{"href":"https:\/\/lgu.parisnanterre.fr\/index.php?rest_route=\/wp\/v2\/types\/page"}],"author":[{"embeddable":true,"href":"https:\/\/lgu.parisnanterre.fr\/index.php?rest_route=\/wp\/v2\/users\/2"}],"replies":[{"embeddable":true,"href":"https:\/\/lgu.parisnanterre.fr\/index.php?rest_route=%2Fwp%2Fv2%2Fcomments&post=110"}],"version-history":[{"count":13,"href":"https:\/\/lgu.parisnanterre.fr\/index.php?rest_route=\/wp\/v2\/pages\/110\/revisions"}],"predecessor-version":[{"id":617,"href":"https:\/\/lgu.parisnanterre.fr\/index.php?rest_route=\/wp\/v2\/pages\/110\/revisions\/617"}],"wp:attachment":[{"href":"https:\/\/lgu.parisnanterre.fr\/index.php?rest_route=%2Fwp%2Fv2%2Fmedia&parent=110"}],"curies":[{"name":"wp","href":"https:\/\/api.w.org\/{rel}","templated":true}]}}

<p>Tribune « <a href="http://lgu.parisnanterre.fr/wp-content/uploads/2026/02/Ouest-France-14-02-26.pdf">POINT DE VUE. « Municipales : relever les défis de la ville</a> » dans <a href="https://www.ouest-france.fr/reflexion/point-de-vue/point-de-vue-municipales-relever-les-defis-de-la-ville-b94e94d6-0297-11f1-9e89-9e77cb2f3c37">Ouest-France</a> par Guy Burgel, Claude Lacour et Jean-François Serre, fév. 2026</p>
<p>Tribune « <a href="https://lgu.parisnanterre.fr/wp-content/uploads/2024/11/Ouest-France-26-06-24.pdf">Législatives : »Les 30 juin et 7 juillet, unissons-nous! »</a>  » dans <a href="https://www.ouest-france.fr/reflexion/point-de-vue/point-de-vue-legislatives-les-30-juin-et-7-juillet-unissons-nous-c8a26cc2-3201-11ef-b43e-ba7f8cb7948b">Ouest-France</a> par Guy Burgel, juin 2024</p>
<p>Tribune « <a href="https://lgu.parisnanterre.fr/wp-content/uploads/2024/11/Tribune-JO-Guy-Burgel-Le-Monde-13-01-24.pdf">Il est à craindre que les Jeux olympiques de Paris 2024 creusent un déficit démocratique</a> » dans <a href="https://www.lemonde.fr/idees/article/2024/01/13/guy-burgel-geographe-il-est-a-craindre-que-les-jeux-olympiques-de-paris-2024-creusent-un-deficit-democratique_6210638_3232.html">Le Monde</a> par Guy Burgel, janv.2024</p>
<p><a href="https://www.persee.fr/issue/vilpa_0242-2794_2023_num_51_1">Numéro 51-52</a> de la collection Villes en parallèle (Ville d&rsquo;avant, ville d&rsquo;après) ; <a href="http://www.persee.fr/collection/vilpa..">tous les volumes</a> de la collection</p>
<p>Tribune « <a href="https://lgu.parisnanterre.fr/wp-content/uploads/2022/12/Il-manque-une-approche-globale-qui-prefigure-la-forme-et-le-fonctionnement-de-la-ville-postcarbone-de-demain-.pdf">Il manque une approche globale qui préfigure la forme et le fonctionnement de la ville postcarbone de demain</a> » dans Le Monde par Albert Lévy, nov.2022</p>
<p>Essai « <a href="https://lgu.parisnanterre.fr/wp%2Dcontent/uploads/2022/05/flyer%2Ddef%2DSauver%2Dla%2Dplan%C3%A8te%2Dville.pdf">Sauver la planète ville, plaidoyer pour une ville durable et désirable</a>« , Guy Burgel, Paris, éd. Archicity, 2022</p>
<p>Tribune « <a href="https://lgu.parisnanterre.fr/wp-content/uploads/2022/03/Tribune-Marianne-22-02-22.pdf">Le cas de Paris démontre combien les politiques de la ville sont maltraitées</a> » dans Marianne par Albert Lévy , Bernard Landau, Christine Nédelec et Guy Burgel, fév.2022</p>
<p>Tribune « <a href="https://lgu.parisnanterre.fr/wp-content/uploads/2021/12/Tribune-Guy-Burgel-Le-Monde-26-11-21.pdf">A Paris, le nouveau plan local d’urbanisme est un modèle du genre à ne pas suivre dans les écoles</a> » dans Le Monde par Guy Burgel, nov.2021</p>
<p>Livre « <a href="https://lgu.parisnanterre.fr/wp-content/uploads/2021/11/Argumentaire-Ville-et-Covid.pdf">Ville et Covid: un mariage de raisons</a> » (Karthala,2021), <a href="https://lgu.parisnanterre.fr/wp-content/uploads/2021/11/Bon-de-commande-def.pdf">Bon de commande</a></p>
<p>Tribune « <a href="https://lgu.parisnanterre.fr/wp-content/uploads/2021/11/tribune-Le-Monde-20-08-21.pdf">L’occupation du sol urbain et sa densité répondent à des préoccupations environnementales</a> » dans <a href="https://www.lemonde.fr/idees/article/2021/08/20/l-occupation-du-sol-urbain-et-sa-densite-repondent-a-des-preoccupations-environnementales_6091942_3232.html">Le Monde</a> par Guy Burgel, août 2021</p>
<p>Tribune <a href="https://lgu.parisnanterre.fr/wp-content/uploads/2020/02/«-La-mobilité-urbaine-ne-doit-pas-être-l’arbre-qui-cache-la-forêt-».pdf">« La mobilité urbaine ne doit pas être l’arbre qui cache la forêt »</a>  dans <a href="https://www.lemonde.fr/idees/article/2020/02/05/la-mobilite-urbaine-ne-doit-pas-etre-l-arbre-qui-cache-la-foret_6028525_3232.html">Le Monde</a> par Guy Burgel, février 2020</p>
<p>Tribune <a href="https://lgu.parisnanterre.fr/wp-content/uploads/2019/05/Le-Monde-Burgel-Roland-Garros-20mai2019.pdf">« Urbanisme : « Double langage de l’Hôtel de ville et de la gauche parisienne au pouvoir municipal » »</a> dans <a href="https://www.lemonde.fr/idees/article/2019/05/20/urbanisme-double-langage-de-l-hotel-de-ville-et-de-la-gauche-parisienne-au-pouvoir-municipal_5464575_3232.html">Le Monde</a> par Guy Burgel, mai 2019</p>
<p>Tribune <a href="https://lgu.parisnanterre.fr/wp-content/uploads/2018/11/Tribune_Liberation_26_11_18.pdf">« Les fins de mois difficiles avant la fin du monde »</a> dans <a href="https://www.liberation.fr/debats/2018/11/26/les-fins-de-mois-difficiles-avant-la-fin-du-monde_1694366">Libération </a> par Guy Burgel, nov.2018</p>
<p>Tribune <a href="https://lgu.parisnanterre.fr/wp-content/uploads/2018/11/Metropolisation_et_transition_energetique.pdf">« Métropolisation et transition énergétique : un couple impossible »</a> dans <a href="https://www.lemonde.fr/idees/article/2018/11/16/metropolisation-et-transition-energetique-un-couple-impossible_5384568_3232.html">Le Monde</a> par Albert Lévy, nov.2018</p>
<p>Livre en lien avec la séance du 1er juin 2018 du Séminaire :  <a href="https://lgu.parisnanterre.fr/wp-content/uploads/2018/04/Sport_et_architecture_presentation_ouvrage.pdf">Sport et architecture en Seine-Saint-Denis</a></p>
<p>30 nov. 2017 à 19h30-  <a href="https://lgu.parisnanterre.fr/wp-content/uploads/2017/11/Debat-Volume-30-11-17.pdf">Débat à la librairie Volume à Paris</a>, Guy Burgel en discussion avec Jean-François Tribillon</p>
<p>15 sept. 2017 <a href="https://lgu.u-paris10.fr/wp-content/uploads/2017/07/langevin-wallon-def-programme-15.09.2017.pdf">LE PLAN LANGEVIN-WALLON 70 ANS</a> à l&rsquo;École supérieure de physique et de chimie industrielles de la Ville de Paris</p>
<p>Tribune <a href="https://lgu.u-paris10.fr/wp-content/uploads/2017/07/A.LEVY-Paris-est-vulnérable-aux-canicules.pdf">« Paris est vulnérable aux canicules »</a> dans Le Monde par Albert Lévy</p>
<p>Tribune <a href="https://lgu.u-paris10.fr/wp-content/uploads/2017/07/H-ANT-Le-Monde-23-06-17.pdf">« L’historienne Hélène Antoniadis-Bibicou est morte » </a>dans Le Monde</p>
<p>Parution <a href="https://lgu.u-paris10.fr/wp-content/uploads/2017/03/Couverture-Questions-urbaines-.pdf">« Questions urbaines »</a> de Guy Burgel, éd. de l&rsquo;Aube &#8211; <a href="https://lgu.parisnanterre.fr/wp-content/uploads/2018/03/recension-Questions-urbaines-Ph-Boudon.pdf">Recension par Ph.Boudon</a></p>
<p><a href="https://lgu.u-paris10.fr/wp-content/uploads/2015/05/GB-URBANISME-n°396_05-15.pdf">Interview</a> de Guy Burgel dans la revue « Urbanisme » n°396</p>

<p>Tribune « POINT DE VUE. « Municipales : relever les défis de la ville » dans Ouest-France par Guy Burgel, Claude Lacour et Jean-François Serre, fév. 2026 Tribune « Législatives : »Les 30 juin et 7 juillet, unissons-nous! »  » dans Ouest-France par Guy Burgel, &hellip;</p>
<p class="read-more"> <a class="more-link" href="https://lgu.parisnanterre.fr/?page_id=110"> <span class="screen-reader-text">Publications</span> Read More &raquo;</a></p>
